{"id":3478,"date":"2019-04-23T10:31:55","date_gmt":"2019-04-23T10:31:55","guid":{"rendered":"http:\/\/keenitsolutions.com\/products\/wordpress\/batiment\/?page_id=3478"},"modified":"2024-01-09T13:56:39","modified_gmt":"2024-01-09T13:56:39","slug":"architecture-onepage","status":"publish","type":"page","link":"https:\/\/metallink.cz\/","title":{"rendered":"Architecture &#8211; Onepage"},"content":{"rendered":"<section class=\"wpb-content-wrapper\"><p>[vc_row gap=&#8221;20&#8243; css=&#8221;.vc_custom_1528569639754{padding-top: 90px !important;padding-bottom: 80px !important;}&#8221; el_id=&#8221;rs-about&#8221; el_class=&#8221;rs-about3&#8243;][vc_column width=&#8221;1\/2&#8243; el_class=&#8221;about_arch&#8221;]\n        <div class=\"rs-heading  border-style \">\n        \t<div class=\"title-inner\">\n\t            \n\t            <h2>O NA\u0160\u00cd SPOLE\u010cNOSTI<\/h2>\n\t        <\/div><\/div>[vc_column_text]<\/p>\n<h3>Jsme dlouhodob\u00fdm a spolehliv\u00fdm dodavatelem pro v\u00fdstavbu bytov\u00fdch a administrativn\u00edch budov a na\u0161i z\u00e1kazn\u00edci jsou \u010desk\u00e9 developersk\u00e9 skupiny a gener\u00e1ln\u00ed dodavatel\u00e9 staveb.V\u00edme, \u017ee pro \u00fasp\u011b\u0161n\u00e9 zvl\u00e1dnut\u00ed projektu a pro dlouhodobou spolupr\u00e1ci je d\u016fle\u017eit\u00e1 d\u016fv\u011bra, profesion\u00e1ln\u00ed p\u0159\u00edstup a stabilita. Jsme jeden t\u00fdm.<\/h3>\n<p>[\/vc_column_text][\/vc_column][vc_column width=&#8221;1\/2&#8243;][vc_single_image image=&#8221;3575&#8243; img_size=&#8221;large&#8221;][\/vc_column][\/vc_row][vc_row full_width=&#8221;stretch_row&#8221; content_placement=&#8221;middle&#8221; el_id=&#8221;cleaning-sec&#8221; css=&#8221;.vc_custom_1526625549545{padding-top: 60px !important;background-color: #f0f0f0 !important;}&#8221;][vc_column][\/vc_column][\/vc_row][vc_row full_width=&#8221;stretch_row&#8221; css=&#8221;.vc_custom_1528568659650{padding-top: 55px !important;padding-bottom: 100px !important;background-color: #f5f5f5 !important;background-position: center !important;background-repeat: no-repeat !important;background-size: cover !important;}&#8221; el_id=&#8221;rs-services&#8221; el_class=&#8221;our-services service3&#8243;][vc_column][vc_row_inner content_placement=&#8221;middle&#8221;][vc_column_inner el_class=&#8221;call2-img&#8221; width=&#8221;5\/12&#8243;][vc_single_image image=&#8221;1342&#8243; img_size=&#8221;full&#8221;][\/vc_column_inner][vc_column_inner el_class=&#8221;call2-text&#8221; width=&#8221;7\/12&#8243; css=&#8221;.vc_custom_1526979250295{padding-bottom: 44px !important;}&#8221;][vc_column_text]<\/p>\n<h2>NA\u0160E SLU\u017dBY<\/h2>\n<p>Do ka\u017ed\u00e9ho na\u0161eho projektu, od slo\u017eit\u00e9ho sva\u0159ov\u00e1n\u00ed a\u017e po odborn\u011b zpracovan\u00e9 kovan\u00e9 v\u00fdrobky, vkl\u00e1d\u00e1me kreativitu a zru\u010dnost.[\/vc_column_text][\/vc_column_inner][\/vc_row_inner][vc_row_inner el_class=&#8221;architect-service&#8221;][vc_column_inner width=&#8221;1\/3&#8243; css=&#8221;.vc_custom_1526284455032{padding-top: 30px !important;padding-right: 30px !important;padding-bottom: 0px !important;padding-left: 30px !important;background-color: #e1e1e1 !important;}&#8221;]<div class=\"rs-services\"><div class=\"service-inner services-style-4 center  \">\n\t\t<div class=\"services-wrap\"> \n         <div class=\"services-item\">\n            <div class=\"services-icon\">\n                <a href=\"#\" title=\"\"><img decoding=\"async\" src=\"https:\/\/metallink.cz\/wp-content\/uploads\/2024\/01\/constructions.png\" alt=\"V\u00fdroba kovov\u00fdch konstrukc\u00ed\" \/><\/a>\n             <\/div>\n        \n\t\t<div class=\"services-desc\">\n\t\t\t<h3 class=\"services-title services-title2\"><a href=\"#\" title=\"\">V\u00fdroba kovov\u00fdch konstrukc\u00ed<\/a><\/h3>\n\t\t\t<p>Ocelov\u00e9 konstrukce vyr\u00e1b\u00edme na z\u00e1klad\u011b v\u00fdkresov\u00e9 dokumentace dodan\u00e9 z\u00e1kazn\u00edkem nebo na z\u00e1klad\u011b vlastn\u00ed dokumentace, z\u00e1kazn\u00edkem schv\u00e1len\u00e9.<\/p>\n\t\t\t\n\t\t<\/div>\t\t\n\t\t<\/div>\t\n\t<\/div>\n\t<\/div><\/div>[\/vc_column_inner][vc_column_inner width=&#8221;1\/3&#8243; css=&#8221;.vc_custom_1526284459462{padding-top: 30px !important;padding-right: 30px !important;padding-bottom: 0px !important;padding-left: 30px !important;background-color: #e7e7e7 !important;}&#8221;]<div class=\"rs-services\"><div class=\"service-inner services-style-4 center  \">\n\t\t<div class=\"services-wrap\"> \n         <div class=\"services-item\">\n            <div class=\"services-icon\">\n                <a href=\"#\" title=\"\"><img decoding=\"async\" src=\"https:\/\/metallink.cz\/wp-content\/uploads\/2024\/01\/decor.png\" alt=\"Umelecko-remesln\u00e9 zpracov\u00e1n\u00ed kovu\" \/><\/a>\n             <\/div>\n        \n\t\t<div class=\"services-desc\">\n\t\t\t<h3 class=\"services-title services-title2\"><a href=\"#\" title=\"\">Umelecko-remesln\u00e9 zpracov\u00e1n\u00ed kovu<\/a><\/h3>\n\t\t\t<p>Nab\u00edz\u00edme zak\u00e1zkovou v\u00fdrobu na m\u00edru od n\u00e1vrhu, zam\u011b\u0159en\u00ed a\u017e po mont\u00e1\u017e.<\/p>\n\t\t\t\n\t\t<\/div>\t\t\n\t\t<\/div>\t\n\t<\/div>\n\t<\/div><\/div>[\/vc_column_inner][vc_column_inner width=&#8221;1\/3&#8243; css=&#8221;.vc_custom_1526284464448{padding-top: 30px !important;padding-right: 30px !important;padding-bottom: 0px !important;padding-left: 30px !important;background-color: #e1e1e1 !important;}&#8221;]<div class=\"rs-services\"><div class=\"service-inner services-style-4 center  \">\n\t\t<div class=\"services-wrap\"> \n         <div class=\"services-item\">\n            <div class=\"services-icon\">\n                <a href=\"#\" title=\"\"><img decoding=\"async\" src=\"https:\/\/metallink.cz\/wp-content\/uploads\/2024\/01\/wielding.png\" alt=\"Povrchov\u00e1 \u00faprava kovu a sva\u0159ov\u00e1n\u00ed\" \/><\/a>\n             <\/div>\n        \n\t\t<div class=\"services-desc\">\n\t\t\t<h3 class=\"services-title services-title2\"><a href=\"#\" title=\"\">Povrchov\u00e1 \u00faprava kovu a sva\u0159ov\u00e1n\u00ed<\/a><\/h3>\n\t\t\t<p>Nab\u00edz\u00edme povrchovou \u00fapravou kov\u016f. Protikorozn\u00ed ochranou kov\u016f, konstrukc\u00ed a technologick\u00fdch celk\u016f.<\/p>\n\t\t\t\n\t\t<\/div>\t\t\n\t\t<\/div>\t\n\t<\/div>\n\t<\/div><\/div>[\/vc_column_inner][\/vc_row_inner][vc_row_inner el_class=&#8221;architect-service&#8221;][vc_column_inner width=&#8221;1\/3&#8243; css=&#8221;.vc_custom_1526284485432{padding-top: 30px !important;padding-right: 30px !important;padding-bottom: 0px !important;padding-left: 30px !important;background-color: #e7e7e7 !important;}&#8221;]<div class=\"rs-services\"><div class=\"service-inner services-style-4 center  \">\n\t\t<div class=\"services-wrap\"> \n         <div class=\"services-item\">\n            <div class=\"services-icon\">\n                <a href=\"#\" title=\"\"><img decoding=\"async\" src=\"https:\/\/metallink.cz\/wp-content\/uploads\/2024\/01\/concrete.png\" alt=\"Beton\u00e1\u0159sk\u00e9 v\u00fdztu\u017ee a beton\u00e1\u0159sk\u00e1 ocel\" \/><\/a>\n             <\/div>\n        \n\t\t<div class=\"services-desc\">\n\t\t\t<h3 class=\"services-title services-title2\"><a href=\"#\" title=\"\">Beton\u00e1\u0159sk\u00e9 v\u00fdztu\u017ee a beton\u00e1\u0159sk\u00e1 ocel<\/a><\/h3>\n\t\t\t<p>Zab\u00fdv\u00e1me se v\u00fdrobou a prodejem produkt\u016f pro betonov\u00e9 konstrukce, zejm\u00e9na v\u00fdztu\u017eemi a beton\u00e1\u0159skou ocel\u00ed.<\/p>\n\t\t\t\n\t\t<\/div>\t\t\n\t\t<\/div>\t\n\t<\/div>\n\t<\/div><\/div>[\/vc_column_inner][vc_column_inner width=&#8221;1\/3&#8243; css=&#8221;.vc_custom_1526284490822{padding-top: 30px !important;padding-right: 30px !important;padding-bottom: 0px !important;padding-left: 30px !important;background-color: #e1e1e1 !important;}&#8221;]<div class=\"rs-services\"><div class=\"service-inner services-style-4 center  \">\n\t\t<div class=\"services-wrap\"> \n         <div class=\"services-item\">\n            <div class=\"services-icon\">\n                <a href=\"#\" title=\"\"><img decoding=\"async\" src=\"https:\/\/metallink.cz\/wp-content\/uploads\/2024\/01\/house.png\" alt=\"Dod\u00e1vka a mont\u00e1\u017e ve\u0161ker\u00fdch stavebn\u00edch prac\u00ed\" \/><\/a>\n             <\/div>\n        \n\t\t<div class=\"services-desc\">\n\t\t\t<h3 class=\"services-title services-title2\"><a href=\"#\" title=\"\">Dod\u00e1vka a mont\u00e1\u017e ve\u0161ker\u00fdch stavebn\u00edch prac\u00ed<\/a><\/h3>\n\t\t\t<p>Prov\u00e1d\u00edme dod\u00e1vky a mont\u00e1\u017ee zateplen\u00ed fas\u00e1d.<\/p>\n\t\t\t\n\t\t<\/div>\t\t\n\t\t<\/div>\t\n\t<\/div>\n\t<\/div><\/div>[\/vc_column_inner][vc_column_inner width=&#8221;1\/3&#8243; css=&#8221;.vc_custom_1526284495294{padding-top: 30px !important;padding-right: 30px !important;padding-bottom: 0px !important;padding-left: 30px !important;background-color: #e7e7e7 !important;}&#8221;]<div class=\"rs-services\"><div class=\"service-inner services-style-4 center  \">\n\t\t<div class=\"services-wrap\"> \n         <div class=\"services-item\">\n            <div class=\"services-icon\">\n                <a href=\"#\" title=\"\"><img decoding=\"async\" src=\"https:\/\/metallink.cz\/wp-content\/uploads\/2024\/01\/stav.png\" alt=\"Stavebn\u00ed Prace\" \/><\/a>\n             <\/div>\n        \n\t\t<div class=\"services-desc\">\n\t\t\t<h3 class=\"services-title services-title2\"><a href=\"#\" title=\"\">Stavebn\u00ed Prace<\/a><\/h3>\n\t\t\t<p>Nab\u00edz\u00edme ve\u0161ker\u00e9 stavebn\u00ed pr\u00e1ce od rekonstrukc\u00ed po stavbu dom\u016f na kl\u00ed\u010d.<\/p>\n\t\t\t\n\t\t<\/div>\t\t\n\t\t<\/div>\t\n\t<\/div>\n\t<\/div><\/div>[\/vc_column_inner][\/vc_row_inner][\/vc_column][\/vc_row][vc_row css=&#8221;.vc_custom_1556015539819{padding-top: 28px !important;padding-bottom: 25px !important;}&#8221; el_id=&#8221;rs-contact&#8221;][vc_column]\n        <div class=\"rs-heading  vc_custom_1704209181819 border-style center\">\n        \t<div class=\"title-inner\">\n\t            \n\t            <h2>NA\u0160E KONTAKTY<\/h2>\n\t        <\/div><\/div>[\/vc_column][vc_column width=&#8221;1\/2&#8243;][vc_gmaps link=&#8221;#E-8_JTNDaWZyYW1lJTIwc3JjJTNEJTIyaHR0cHMlM0ElMkYlMkZ3d3cuZ29vZ2xlLmNvbSUyRm1hcHMlMkZlbWJlZCUzRnBiJTNEJTIxMW0xOCUyMTFtMTIlMjExbTMlMjExZDI1NjAuNzc5Mjc1NTM5NjkyJTIxMmQxNC40MzI0MTgxOTk5OTk5OTUlMjEzZDUwLjA3MTY5NTE5OTk5OTk5JTIxMm0zJTIxMWYwJTIxMmYwJTIxM2YwJTIxM20yJTIxMWkxMDI0JTIxMmk3NjglMjE0ZjEzLjElMjEzbTMlMjExbTIlMjExczB4NDcwYjk0ODkwNzlkYTY3ZiUyNTNBMHhkNTc3NTJkMmU1YzZmZTA4JTIxMnNMdWJsYSUyNUM1JTI1ODhzayUyNUMzJTI1QTElMjUyMDI2NyUyNTJGMTIlMjUyQyUyNTIwMTIwJTI1MjAwMCUyNTIwVmlub2hyYWR5JTIxNWUwJTIxM20yJTIxMXNydSUyMTJzY3olMjE0djE3MDQyMTY5NTk3ODIlMjE1bTIlMjExc3J1JTIxMnNjeiUyMiUyMHdpZHRoJTNEJTIyNjAwJTIyJTIwaGVpZ2h0JTNEJTIyNDUwJTIyJTIwc3R5bGUlM0QlMjJib3JkZXIlM0EwJTNCJTIyJTIwYWxsb3dmdWxsc2NyZWVuJTNEJTIyJTIyJTIwbG9hZGluZyUzRCUyMmxhenklMjIlMjByZWZlcnJlcnBvbGljeSUzRCUyMm5vLXJlZmVycmVyLXdoZW4tZG93bmdyYWRlJTIyJTNFJTNDJTJGaWZyYW1lJTNF&#8221;][\/vc_column][vc_column width=&#8221;1\/2&#8243;]\n<div class=\"wpcf7 no-js\" id=\"wpcf7-f3532-o1\" lang=\"en-US\" dir=\"ltr\">\n<div class=\"screen-reader-response\"><p role=\"status\" aria-live=\"polite\" aria-atomic=\"true\"><\/p> <ul><\/ul><\/div>\n<form action=\"\/index.php?rest_route=%2Fwp%2Fv2%2Fpages%2F3478#wpcf7-f3532-o1\" method=\"post\" class=\"wpcf7-form init\" aria-label=\"Contact form\" novalidate=\"novalidate\" data-status=\"init\">\n<div style=\"display: none;\">\n<input type=\"hidden\" name=\"_wpcf7\" value=\"3532\" \/>\n<input type=\"hidden\" name=\"_wpcf7_version\" value=\"5.8.5\" \/>\n<input type=\"hidden\" name=\"_wpcf7_locale\" value=\"en_US\" \/>\n<input type=\"hidden\" name=\"_wpcf7_unit_tag\" value=\"wpcf7-f3532-o1\" \/>\n<input type=\"hidden\" name=\"_wpcf7_container_post\" value=\"0\" \/>\n<input type=\"hidden\" name=\"_wpcf7_posted_data_hash\" value=\"\" \/>\n<\/div>\n<div class=\"form-row contact-form-area\">\n\t<div class=\"col-sm-6 first-col\">\n\t\t<p><span class=\"wpcf7-form-control-wrap\" data-name=\"your-name\"><input size=\"40\" class=\"wpcf7-form-control wpcf7-text wpcf7-validates-as-required\" aria-required=\"true\" aria-invalid=\"false\" placeholder=\"Jmeno*\" value=\"\" type=\"text\" name=\"your-name\" \/><\/span>\n\t\t<\/p>\n\t<\/div>\n\t<div class=\"col-sm-6 last-col\">\n\t\t<p><span class=\"wpcf7-form-control-wrap\" data-name=\"your-email\"><input size=\"40\" class=\"wpcf7-form-control wpcf7-email wpcf7-validates-as-required wpcf7-text wpcf7-validates-as-email\" aria-required=\"true\" aria-invalid=\"false\" placeholder=\"E-Mail*\" value=\"\" type=\"email\" name=\"your-email\" \/><\/span>\n\t\t<\/p>\n\t<\/div>\n\t<div class=\"col-sm-6\">\n\t\t<p><span class=\"wpcf7-form-control-wrap\" data-name=\"your-phone\"><input size=\"40\" class=\"wpcf7-form-control wpcf7-text\" aria-invalid=\"false\" placeholder=\"Telefon\" value=\"\" type=\"text\" name=\"your-phone\" \/><\/span>\n\t\t<\/p>\n\t<\/div>\n\t<div class=\"col-sm-12\">\n\t\t<p><span class=\"wpcf7-form-control-wrap\" data-name=\"your-message\"><textarea cols=\"40\" rows=\"10\" class=\"wpcf7-form-control wpcf7-textarea\" aria-invalid=\"false\" placeholder=\"Text zpravy*\" name=\"your-message\"><\/textarea><\/span>\n\t\t<\/p>\n\t<\/div>\n\t<div class=\"col-sm-12\">\n\t\t<div class=\"submit-center\">\n\t\t\t<p><input class=\"wpcf7-form-control wpcf7-submit has-spinner\" type=\"submit\" value=\"Odeslat\" \/>\n\t\t\t<\/p>\n\t\t<\/div>\n\t<\/div>\n<\/div><div class=\"wpcf7-response-output\" aria-hidden=\"true\"><\/div>\n<\/form>\n<\/div>\n[\/vc_column][\/vc_row]<\/p>\n<\/section>","protected":false},"excerpt":{"rendered":"<p>[vc_row gap=&#8221;20&#8243; css=&#8221;.vc_custom_1528569639754{padding-top: 90px !important;padding-bottom: 80px !important;}&#8221; el_id=&#8221;rs-about&#8221; el_class=&#8221;rs-about3&#8243;][vc_column width=&#8221;1\/2&#8243; el_class=&#8221;about_arch&#8221;][vc_column_text] Jsme dlouhodob\u00fdm a spolehliv\u00fdm dodavatelem pro v\u00fdstavbu bytov\u00fdch a&#8230;<\/p>\n","protected":false},"author":1,"featured_media":0,"parent":0,"menu_order":0,"comment_status":"closed","ping_status":"closed","template":"page-single.php","meta":{"footnotes":""},"class_list":["post-3478","page","type-page","status-publish","hentry"],"_links":{"self":[{"href":"https:\/\/metallink.cz\/index.php?rest_route=\/wp\/v2\/pages\/3478","targetHints":{"allow":["GET"]}}],"collection":[{"href":"https:\/\/metallink.cz\/index.php?rest_route=\/wp\/v2\/pages"}],"about":[{"href":"https:\/\/metallink.cz\/index.php?rest_route=\/wp\/v2\/types\/page"}],"author":[{"embeddable":true,"href":"https:\/\/metallink.cz\/index.php?rest_route=\/wp\/v2\/users\/1"}],"replies":[{"embeddable":true,"href":"https:\/\/metallink.cz\/index.php?rest_route=%2Fwp%2Fv2%2Fcomments&post=3478"}],"version-history":[{"count":12,"href":"https:\/\/metallink.cz\/index.php?rest_route=\/wp\/v2\/pages\/3478\/revisions"}],"predecessor-version":[{"id":3577,"href":"https:\/\/metallink.cz\/index.php?rest_route=\/wp\/v2\/pages\/3478\/revisions\/3577"}],"wp:attachment":[{"href":"https:\/\/metallink.cz\/index.php?rest_route=%2Fwp%2Fv2%2Fmedia&parent=3478"}],"curies":[{"name":"wp","href":"https:\/\/api.w.org\/{rel}","templated":true}]}}